e the greatest common factor of f and p.
6
Suppose 48 = -8*j + 12*j. Let m(o) = -o. Let a be m(j). Let d = 16 + a. What is the greatest common divisor of d and 10?
2
Suppose 906 = y + 3*f - 527, 0 = -5*y + f + 7245. What is the highest common factor of 8 and y?
8
Let q = 336 - 248. Calculate the greatest common divisor of 132 and q.
44
Suppose 2*b = -0*b - 4*j - 4, -10 = -b + j. Calculate the highest common divisor of 42 and b.
6
Let k(o) = 2*o**2 + 2 + o - o**2 + 0*o**2 - 7. Suppose -2 - 3 = a. Let u be k(a). Calculate the greatest common divisor of 60 and u.
15
Let j = 107 - 72. What is the greatest common factor of j and 140?
35
Suppose -495 = -7*t + 2*t. Suppose -2*o - 62 = -4*x, -2*x - 2 + 35 = -3*o. Let k be 10/x*99/6. What is the greatest common divisor of k and t?
11
Let y be 568/(-28) - (-14)/49. Let l be (-4 + (-144)/y)*15. Calculate the greatest common divisor of l and 6.
6
Suppose 4*t - 4*q - 72 = 0, -t + 42 = t + q. Let i = 24 - t. Let c be i + -174*(-2)/3. What is the greatest common divisor of c and 15?
15
Suppose 27 + 3 = 5*z. Let l = -77 - -83. Calculate the highest common factor of l and z.
6
Suppose 2*o - h - 4 = 2, 0 = -o - h + 9. Suppose -4*t = 61 - o. Let x be 1/((-2)/t) + -2. Calculate the greatest common divisor of x and 1.
1
Let n(a) = -a**2 + 4*a - 9. Let d be n(5). Let m = -4 - d. What is the highest common factor of m and 2?
2
Suppose 3*u = 6 - 0, -656 = -2*f - 4*u. What is the greatest common divisor of 90 and f?
18
Let q(j) = -7*j + 15. Let l be q(-7). What is the highest common factor of l and 56?
8
Suppose 0*s - 5 = 5*s, -5*w - 3*s + 72 = 0. Let p = 10 + -13. Let n be (-17)/5 - p - 754/(-10). Calculate the greatest common factor of n and w.
15
Let s(j) = -j**3 + 6*j**2 + 2*j - 6. Let t be s(6). Suppose 9*m - 55 - 323 = 0. What is the highest common divisor of m and t?
6
Let b(j) = j**2 - 9*j + 5. Let u be b(12). Suppose 0 = 5*i + 4*g - 6*g - 615, 0 = -4*g. Calculate the highest common factor of u and i.
41
Suppose 0 = -248*f + 261*f - 143. What is the highest common factor of 2981 and f?
11
Suppose 2*m + m - 54 = 0. Let s(z) = -4*z - 19 - 6 + 3. Let p be s(-7). What is the greatest common divisor of m and p?
6
Let h be (-19 + 1)*(1/(-3) - 0). Let z be h/14 - (-1 + 604/(-28)). What is the highest common divisor of 92 and z?
23
Suppose -9*h + 2 + 16 = 0. Suppose 33 = 3*l + h*k, -k - 47 = -5*l + 8. What is the highest common factor of l and 99?
11
Let k be 39 - ((-21)/3 - -12). Let y be 32 + (-4 - -1) + 5. What is the greatest common divisor of y and k?
34
Let a(m) = -m**3 + m - 1. Let r be (-9)/3*(-5)/15. Let d be a(r). Let l(w) = -55*w**3 + w**2. Let b be l(d). Calculate the greatest common factor of b and 140.
28
Let r(n) = -n**2 - 6*n + 24. Let k be r(-9). Let p be (-2 - (-1 - k))*-17. What is the greatest common divisor of p and 102?
34
Suppose 0 = -55*v - 44 + 10934. Calculate the highest common divisor of v and 330.
66
Let a(r) = r**3 + 4*r**2 + r + 8. Let c be a(-4). Let q = c + 12. Calculate the highest common factor of q and 2.
2
Let b be 21/(-2)*638/(-33). Calculate the highest common divisor of 7 and b.
7
Suppose 2*f + 4 = -2*v, 4*f + 8 = 6*v - 2*v. Let t be 21 - (f/4 - 6/(-4)). Calculate the greatest common factor of t and 12.
4
Suppose 8*j - 8 = 8. Suppose 2*i - i = 5. Suppose j*d = -i*s + 114, -s - d = -4*d - 33. Calculate the greatest common factor of 12 and s.
12
Let g be (-3506)/(-26) - ((-74)/(-26) + -3). Calculate the highest common factor of 495 and g.
45
Let a = 36 + -27. Let o(f) = -f**2 + 8*f + 11. Let x be o(a). What is the highest common divisor of 5 and x?
1
Let h(y) = 52*y - 52. Let l be h(3). What is the greatest common divisor of l and 39?
13
Let l be ((-1)/1)/(2/44). Let p be l/(-3) + (-2)/6. Suppose 0 = 5*q + 2*q - 294. Calculate the highest common divisor of q and p.
7
Let h(b) = -41*b**3 + b**2 - 2*b - 3. Let c be h(-2). Let y be 31 + (-50)/20*2/10*-12. Calculate the greatest common factor of y and c.
37
Let b be ((-65)/(-2))/((-1)/(-2)). What is the highest common divisor of 260 and b?
65
Suppose 901 = 34*q - 4675. Let x be 41/((0 + 1)/1). Calculate the highest common factor of x and q.
41
Let q be (-2)/(-3)*(-1176)/(-49). What is the highest common factor of 208 and q?
16
Let m be (-2 - (-4)/2)*-1. Suppose -c = 4*x - 6*c + 15, m = -3*x + c - 3. Let i(a) = -a**2 - a + 4. Let s be i(x). What is the highest common factor of s and 2?
2
Let v = 3168 + -3165. Let w be 28 - 2/(2/1). Calculate the highest common divisor of w and v.
3
Let s be 87 - 3 - (1 - 1). Let y = s + -48. What is the greatest common factor of y and 24?
12
Suppose 0*b = -b + 11. Let l = 20 - b. Suppose -3*n + 18 = -n. What is the highest common factor of n and l?
9
Suppose 0 = -n - 3*p + 337, 3*n + 2*p - 993 = -p. Calculate the highest common factor of 8 and n.
8
Let q be (-12)/(-20) + 117/5. Suppose 23*x + 25 = q*x. Calculate the highest common divisor of x and 10.
5
Suppose -4*z = -4*j + 36 + 240, 2*z - 2 = 0. Suppose 4*o = 15 + 41. What is the greatest common divisor of j and o?
14
Suppose 3*c = -6, -3*p - 64*c = -61*c - 294. What is the greatest common factor of p and 55?
5
Let z = 1163 - 1155. Let f = -60 - -100. Calculate the highest common factor of z and f.
8
Let m(f) = -f**2 - 50*f - 74. Let c be m(-46). Calculate the highest common divisor of 440 and c.
110
Let i(a) = -a**3 - 9*a**2 - 28*a - 156. Let n be i(-8). What is the greatest common factor of 304 and n?
4
Suppose 2*s = 5*k - 4 - 0, -3*k = -2*s. Suppose b + 16 = -3*q + s, -3*q + 7 = 5*b. Let y be q + 5 + 54/2. Calculate the greatest common factor of y and 52.
26
Let y be 63 - (-8 + 5/1) - -4. What is the highest common factor of y and 315?
35
Suppose -4*j + 380 = j. Let g = 3048 + -3029. Calculate the greatest common factor of g and j.
19
Suppose -3*i + 6 = -4*i + 4*p, 2*i + 4 = 4*p. Suppose -i*q = -5*d + 317, -2*d + 5*q + 257 = 2*d. Calculate the highest common divisor of d and 9.
9
Let t(h) = -h**2 + 10*h + 5. Let d be t(9). Suppose 11*o - d*o = -12. Suppose 4*x = 6*x - o. Calculate the greatest common divisor of 14 and x.
2
Let z(c) = -21*c - 6. Let n be z(-5). Suppose 0*u + 5*a = -2*u + 7, 0 = 2*u + 3*a - 13. Calculate the highest common factor of u and n.
11
Suppose -3*u - 2*u - 200 = -4*b, 5*b - u - 250 = 0. Calculate the highest common divisor of b and 250.
50
Suppose -8*n + 1129 + 551 = 0. Calculate the highest common divisor of n and 40.
10
Let t(m) = 3*m - 4. Let q(c) = -2*c**2 - 17*c + 3. Let o be q(-8). Let d be t(o). Calculate the highest common factor of d and 145.
29
Let p = -364 + 468. Calculate the greatest common divisor of p and 16.
8
Let l be (-2)/5 + 112/(-20). Let o be 1*-34*(2 + l). Suppose 664 - o = 4*x. What is the greatest common divisor of x and 12?
12
Suppose 0 = 55*z - 45*z - 480. Calculate the greatest common factor of z and 600.
24
Let r(j) = j**3 + 3*j**2 - 2*j - 4. Let n be r(-3). Let p be 15/(-2) + n/(-4). Let v be 6 - 9/3 - p. Calculate the highest common divisor of v and 22.
11
Suppose 3*q = 2*y + 3 + 3, -5*y = -15. Suppose 16 = -4*n, -q*u + 4*n = -u - 286. Suppose 0 = k - u + 18. Calculate the greatest common divisor of k and 18.
18
Suppose -20*g + 712 = -8. Let u = -100 - -157. Suppose 4*v + 2*c - u - 17 = 0, 0 = 2*v + 4*c - 40. What is the highest common divisor of v and g?
18
Let a be -2 + 4 - (-4 - -2). Suppose 0 = 5*v - a*v - 27. Let f = 165 - 162. What is the greatest common factor of v and f?
3
Suppose 2*a - 5*f = a + 14, 0 = -5*a - f + 18. Suppose -w - 7 = -0*w - 5*b, -4*b - a = -4*w. Let y = w - -21. What is the highest common factor of 12 and y?
12
Let j = -32 + 18. Let p = 28 + j. Suppose -348 = -5*c + 2*d, 5*c + 3*d - 6*d = 347. Calculate the highest common divisor of c and p.
14
Let j be 2 + 15/(-10)*2. Let r be 7 + 1 - j - 4. Suppose -15 = -6*s + r*s. Calculate the highest common factor of 6 and s.
3
Suppose -6 = 3*g, 6*m = 3*m + 5*g + 106. What is the greatest common divisor of 216 and m?
8
Let q = -94 + 41. Let t be (-2)/(3 + q/17). Suppose 0 = 7*c - 409 - 67. What is the highest common factor of t and c?
17
Let v be (1 + -29)/(12 + (-350)/28). Calculate the highest common factor of v and 364.
28
Let t be (1 + (-12)/(-4))*15. Calculate the highest common divisor of t and 420.
60
Let o be -128*(